divided by 45.
44
What is the remainder when 38888 is divided by 28?
24
Calculate the remainder when 90681 is divided by 37.
31
Calculate the remainder when 66737 is divided by 1390.
17
What is the remainder when 5327 is divided by 43?
38
What is the remainder when 49008 is divided by 51?
48
What is the remainder when 5130 is divided by 184?
162
Calculate the remainder when 48290 is divided by 2013.
1991
Calculate the remainder when 7081 is divided by 142.
123
What is the remainder when 5831 is divided by 51?
17
Calculate the remainder when 12643 is divided by 968.
59
What is the remainder when 51422 is divided by 5712?
14
What is the remainder when 3832 is divided by 123?
19
What is the remainder when 2997 is divided by 111?
0
Calculate the remainder when 15390 is divided by 211.
198
Calculate the remainder when 6145 is divided by 139.
29
Calculate the remainder when 269452 is divided by 16.
12
Calculate the remainder when 19861 is divided by 77.
72
Calculate the remainder when 18318 is divided by 244.
18
Calculate the remainder when 61150 is divided by 3597.
1
Calculate the remainder when 99064 is divided by 79.
77
Calculate the remainder when 4342 is divided by 557.
443
What is the remainder when 17727 is divided by 264?
39
What is the remainder when 183398 is divided by 200?
198
What is the remainder when 216981 is divided by 314?
7
What is the remainder when 6434708 is divided by 202?
200
What is the remainder when 1181608 is divided by 143?
142
What is the remainder when 960454 is divided by 73?
66
What is the remainder when 190285 is divided by 38056?
5
Calculate the remainder when 1405 is divided by 76.
37
Calculate the remainder when 255682 is divided by 255668.
14
What is the remainder when 429 is divided by 51?
21
Calculate the remainder when 1544 is divided by 751.
42
What is the remainder when 769037 is divided by 189?
185
What is the remainder when 6753 is divided by 2648?
1457
What is the remainder when 4026 is divided by 186?
120
Calculate the remainder when 1335 is divided by 211.
69
What is the remainder when 83476 is divided by 1070?
16
What is the remainder when 70088 is divided by 10012?
4
What is the remainder when 20976 is divided by 34?
32
Calculate the remainder when 26262 is divided by 469.
467
Calculate the remainder when 248422 is divided by 19.
16
What is the remainder when 32541 is divided by 516?
33
What is the remainder when 755 is divided by 149?
10
Calculate the remainder when 4686 is divided by 591.
549
Calculate the remainder when 69944 is divided by 165.
149
What is the remainder when 1170321 is divided by 684?
681
Calculate the remainder when 885 is divided by 583.
302
What is the remainder when 57327 is divided by 19105?
12
Calculate the remainder when 227630 is divided by 89.
57
Calculate the remainder when 3667 is divided by 3655.
12
What is the remainder when 20502 is divided by 9632?
1238
Calculate the remainder when 5189 is divided by 54.
5
Calculate the remainder when 4222 is divided by 23.
13
Calculate the remainder when 2263890 is divided by 183.
180
What is the remainder when 588541 is divided by 98087?
19
Calculate the remainder when 5018 is divided by 572.
442
What is the remainder when 117282 is divided by 2174?
2060
Calculate the remainder when 7705 is divided by 1000.
705
What is the remainder when 100912 is divided by 48?
16
Calculate the remainder when 32663 is divided by 70.
43
Calculate the remainder when 10851 is divided by 112.
99
Calculate the remainder when 1692 is divided by 513.
153
Calculate the remainder when 184829 is divided by 9.
5
What is the remainder when 2737 is divided by 193?
35
What is the remainder when 33443 is divided by 127?
42
What is the remainder when 17412 is divided by 8545?
322
What is the remainder when 194673 is divided by 893?
892
What is the remainder when 41749 is divided by 227?
208
What is the remainder when 642621 is divided by 27940?
1
What is the remainder when 4405 is divided by 218?
45
Calculate the remainder when 10314 is divided by 86.
80
Calculate the remainder when 9230 is divided by 46.
30
Calculate the remainder when 1851 is divided by 309.
306
What is the remainder when 8783 is divided by 2207?
2162
Calculate the remainder when 3211 is divided by 540.
511
Calculate the remainder when 1765 is divided by 237.
106
What is the remainder when 20847 is divided by 1456?
463
Calculate the remainder when 10526 is divided by 43.
34
What is the remainder when 129735 is divided by 21?
18
Calculate the remainder when 430364 is divided by 17214.
14
What is the remainder when 13710 is divided by 229?
199
What is the remainder when 629448 is divided by 57?
54
What is the remainder when 365514 is divided by 1021?
1017
Calculate the remainder when 13998 is divided by 13989.
9
What is the remainder when 67371 is divided by 607?
601
Calculate the remainder when 128425 is divided by 409.
408
Calculate the remainder when 3396 is divided by 2898.
498
Calculate the remainder when 2091 is divided by 12.
3
Calculate the remainder when 5231 is divided by 327.
326
What is the remainder when 13689 is divided by 87?
30
Calculate the remainder when 6704 is divided by 190.
54
Calculate the remainder when 15821 is divided by 184.
181
Calculate the remainder when 67216 is divided by 422.
118
Calculate the remainder when 2264 is divided by 145.
89
Calculate the remainder when 80928 is divided by 82.
76
Calculate the remainder when 307718 is divided by 20.
18
Calculate the remainder when 1456524 is divided by 35.
34
Calculate the remainder when 478637 is divided by 145.
137
What is the remainder when 1198234 is divided by 146?
12
Calculate the remainder when 5132 is divided by 156.
140
Calculate the remainder when 4902 is divided by 2439.
24
What is the remainder when 125947 is divided by 416?
315
What is the remainder when 38984 is divided by 2050?
34
What is the remainder when 1231499 is divided by 30?
29
What is the remainder when 603454 is divided by 336?
334
What is the remainder when 2786475 is divided by 77?
76
What is the remainder when 91582 is divided by 35?
22
What is the remainder when 24415 is divided by 12186?
43
Calculate the remainder when 15168 is divided by 603.
93
Calculate the remainder when 11063 is divided by 2751.
59
What is the remainder when 3373 is divided by 101?
40
Calculate the remainder when 15784 is divided by 3148.
44
Calculate the remainder when 3551 is divided by 1116.
203
Calculate the remainder when 1109 is divided by 416.
277
What is the remainder when 8472 is divided by 1689?
27
What is the remainder when 51030 is divided by 357?
336
Calculate the remainder when 92987 is divided by 108.
107
Calculate the remainder when 142848 is divided by 531.
9
Calculate the remainder when 5769 is divided by 501.
258
What is the remainder when 86405 is divided by 221?
215
What is the remainder when 928 is divided by 381?
166
Calculate the remainder when 1535572 is divided by 22.
16
What is the remainder when 63267 is divided by 74?
71
Calculate the remainder when 16603 is divided by 5493.
124
What is the remainder when 2758 is divided by 30?
28
Calculate the remainder when 59306 is divided by 159.
158
What is the remainder when 88488 is divided by 125?
113
Calculate the remainder when 144430 is divided by 144.
142
What is the remainder when 4856 is divided by 529?
95
Calculate the remainder when 30365 is divided by 116.
89
Calculate the remainder when 124281 is divided by 478.
1
Calculate the remainder when 335438 is divided by 280.
278
What is the remainder when 89531 is divided by 108?
107
What is the remainder when 2389 is divided by 106?
57
What is the remainder when 23197 is divided by 33?
31
Calculate the remainder when 6063 is divided by 13.
5
Calculate the remainder when 2905 is divided by 74.
19
Calculate the remainder when 2450 is divided by 411.
395
Calculate the remainder when 486716 is divided by 21.
20
What is the remainder when 3476 is divided by 3043?
433
What is the remainder when 3419377 is divided by 565?
562
Calculate the remainder when 15801944 is divided by 2602.
2600
What is the remainder when 570143 is divided by 47511?
11
Calculate the remainder when 5701 is divided by 74.
3
Calculate the remainder when 16212 is divided by 6